What is the units digit of (4 + h)/(3/2)?
2
What is the units digit of (2/(-6))/(3/(-387))?
3
Suppose -2*x - 10 = 0, 3*d - 3*x + 0 + 3 = 0. Let a be d/9 + 14/3. Suppose a*t = 2*t + 30. What is the tens digit of t?
1
Suppose -14*n = 17 - 3027. What is the tens digit of n?
1
Let q(n) be the first derivative of n**3/3 + 3*n**2 - 7*n - 1. Let j be q(-5). Let d = j + 21. What is the units digit of d?
9
Let m be 4*1*50/20. Let r(w) = -w**2 + 12*w + 2. What is the units digit of r(m)?
2
Let g(h) = -h**3 + 6*h**2 + 8*h - 5. Let v be g(7). Suppose 3*o = v*o + 14. What is the tens digit of o?
1
Let c(o) = o + 9. Let b be c(-7). Suppose -4*m - 5*i = -58, 0 = -3*m + m + b*i + 38. What is the tens digit of m?
1
Let i(h) be the third derivative of -h**4/12 - 5*h**3/6 + 5*h**2. What is the units digit of i(-5)?
5
Let n be (0 - 2/(-3))*3. Suppose -n*i = -11 + 3. Suppose 4*x - 20 = 0, i*u + 2*x - 13 = 5*x. What is the units digit of u?
7
Suppose 3*o - s = 7 + 30, 3 = -3*s. What is the tens digit of o?
1
Let b(a) be the second derivative of a**5/20 + a**4/4 - a**3/3 - 2*a**2 + 3*a. What is the units digit of b(-3)?
2
Suppose 0*z + 336 = 8*z. What is the units digit of z?
2
Suppose -5*z + 0*g - g = -223, 120 = 3*z - 4*g. What is the units digit of z?
4
Let z(r) = -r**3 + 7*r**2 - r + 9. Let q be z(7). Suppose 5*l + 5 = 0, -5*f - q*l = 3*l - 195. What is the tens digit of f?
4
Let w = 8 - 4. Suppose w*p = -c - 2*c - 5, 2*c - 3*p = 8. What is the units digit of (-21)/(-28)*c*8?
6
Let t(m) = m**2 - 10*m - 105. What is the units digit of t(-14)?
1
Let w = 12 + -7. Suppose 2*h = 4*n + 138 - 8, -365 = -w*h + 2*n. Suppose 4*s = -s + h. What is the units digit of s?
5
Let q(c) = -c**2 - 11*c + 3. What is the tens digit of q(-6)?
3
Suppose 50 = 5*u - 5*f, 0*f = -4*u + 5*f + 44. What is the units digit of u?
6
Suppose -2*f = -5*r + 223 - 43, 4*r + f = 131. What is the tens digit of r?
3
Let w(j) = 8*j**2 - 5*j**3 - 9 + 8*j**3 - 2*j**3 - 12*j. What is the units digit of w(-9)?
8
Let w = 3 + -2. Suppose -w = -2*u - 3. Let f(s) = -2*s. What is the units digit of f(u)?
2
What is the tens digit of -11 - -12 - (-478)/4*2?
4
Let b be (-10)/(-3)*(-5 - -2). Let y be (-4)/(-10) - (-74)/b. Let i = -3 - y. What is the units digit of i?
4
Let p(m) be the second derivative of m**5/20 + 7*m**4/12 - m**3 + 2*m**2 + m. Let t be p(-8). Let g = 21 + t. What is the units digit of g?
9
Let r(t) = 3 - 4*t - 2*t - 4*t - 3*t. Let j be r(-3). Let n = j + -26. What is the units digit of n?
6
What is the tens digit of 82/5*3*(-210)/(-63)?
6
Suppose 22 = -n - 6. Let a be n/6 + 4/6. Let q = 17 + a. What is the tens digit of q?
1
Suppose -2*h + 75 = h. Suppose 0*f = 5*f - h. Suppose -3*g + 6 = f*i - 2, g + 5*i - 6 = 0. What is the units digit of g?
1
Suppose -4*m = -i + 82, 303 + 128 = 5*i + m. What is the units digit of i?
6
Let o(r) = -r - 2. Let k be o(-2). Suppose 4*l + 6 + 14 = k, -76 = -2*c + 4*l. What is the units digit of c?
8
Suppose -2*y = -5*y + 9. Suppose 0 = -v - 0*v + 8. Suppose -k = -j + v, -k + 4*k + 6 = -y*j. What is the units digit of j?
3
Let k be 1/3 + 28/(-12). Let w(i) = -i**3 - 2*i**2 - 3*i - 2. What is the units digit of w(k)?
4
Suppose -1704 = -3*m - 5*m. What is the hundreds digit of m?
2
Let l(w) = 9*w**2 + 7*w - 6. Let u(i) = 4*i**2 + 3*i - 3. Let q(o) = -3*l(o) + 7*u(o). What is the tens digit of q(5)?
2
Let h(m) = m**2 + 6*m + 7. Let y be h(-5). Suppose 3*s + 4*k = 51, -y*s + 2*k - 3*k = -39. What is the tens digit of s?
2
Let a(r) = 20*r**2 - r + 3. What is the units digit of a(3)?
0
Let n = -73 + 91. What is the units digit of n?
8
Let f(x) = -x. Let t(i) = 1. Let q(m) = 3*f(m) - 2*t(m). Let g be ((-1)/2)/((-1)/(-4)). What is the units digit of q(g)?
4
Let p = 18 + -20. Let x(a) = a**3 - 5*a**2 - 6*a + 2. Let s(u) = 3*u**3 - 14*u**2 - 17*u + 6. Let t(d) = -6*s(d) + 17*x(d). What is the units digit of t(p)?
2
Let o(b) = -b**3 - 10*b**2 - 13*b - 12. What is the units digit of o(-9)?
4
Suppose l + 2*l + 3 = t, 29 = 3*t - 5*l. What is the tens digit of t?
1
Let w be 3/4 - 42/(-8). Let s(o) = -2*o - 5 + w*o**2 - 5*o**2 + 0*o. What is the tens digit of s(6)?
1
Let t be ((-2)/6)/(3/(-18)). Suppose -4*k - l + 62 = t*l, -4*k = -l - 54. What is the units digit of k?
4
Let p be 14*(-1)/(-4 - -2). Let x = p - 5. Suppose -f + 12 = -2*r, -2*r = -f + x*r + 20. What is the units digit of f?
4
Suppose 5*g - 2*t + 50 = 2*g, -45 = 2*g + t. Suppose 2*i = 6*i + 24. Let u = i - g. What is the tens digit of u?
1
Suppose -3*p - 4 = -10. Let r(z) = -z + 7*z**p + 5*z + z**3 - 3 - 1. What is the units digit of r(-6)?
8
Let u = 34 + -22. Suppose 2*r + u = 4*i, 0 = 3*r + 2*r - 20. Suppose -2*s + i = -11. What is the units digit of s?
8
Let w = 492 + -261. What is the tens digit of w?
3
Suppose -101 = -4*i + 95. What is the units digit of i?
9
Let c(a) = -a + 3. Let n be c(-5). Let b = n + -3. Suppose -s - b*j = 10, -3*s = s + j - 55. What is the tens digit of s?
1
Let x(u) = u**2 - 5. Let t be x(11). Suppose -v = 3*v - t. What is the units digit of v?
9
Let g(f) = 5*f + 6. Let j(p) = -121*p - 143. Suppose 5*s = -3*z + 2, 5*s = -5*z + 2*s - 18. Let w(v) = z*j(v) - 143*g(v). What is the units digit of w(1)?
1
Let g(x) = -2*x + 91 - 2*x - 91 - x**2. Suppose -2*c + c = s + 3, -4*c = -5*s + 12. What is the units digit of g(c)?
3
Let h(z) = -21 + 9 - 16*z + 13. What is the tens digit of h(-2)?
3
Let p(y) = 2*y**3 - 2*y**2 - 4*y + 1. What is the units digit of p(3)?
5
Let i(l) = 4*l**2 + l. Let f be i(-1). Let w = -1 + f. Suppose 0*z - 2*z - 35 = -3*n, -w*z - 53 = -5*n. What is the units digit of n?
9
Let g(x) = x**2 + 12*x + 1. Let b(a) = -a + 2. Let m be b(0). Suppose -5*h + m - 62 = 0. What is the units digit of g(h)?
1
Suppose -2*m = 5*c + 31, -3*m + c = m + 7. What is the tens digit of m/(-9) - 465/(-9)?
5
Let w = 4 + -2. Suppose -74 = -w*h - 12. What is the units digit of h?
1
Let s(w) = w**3 - 8*w**2 - 5*w - 10. Let y be s(9). Suppose z - 2*z + 13 = 0. Suppose 0*f + 3*f + z = 5*k, 2*k - y = -4*f. What is the units digit of f?
4
Suppose 6*b = 5*b - 7. Let f = b + -2. What is the units digit of (-21)/f - 4/(-6)?
3
Let x = -32 + 11. Suppose 3*f = -2*y - 67, 28 + 37 = -2*y - f. Let w = x - y. What is the tens digit of w?
1
Suppose -4*z + 11 = -9. Suppose -s + 1 + 2 = -z*h, 0 = -3*h. Suppose 0*x = -x + s. What is the units digit of x?
3
Let r(k) = -2*k**2 - 4*k - 2. Let a(l) = 5*l**2 + 13*l + 6. Let h(g) = 3*a(g) + 8*r(g). What is the units digit of h(7)?
2
Suppose -4*v - 5 = -13. Let n(g) = 7*g + 1 + g**v - g**3 - 9 - 5*g**2. What is the tens digit of n(-6)?
2
Suppose -11 = -3*r + 22. What is the tens digit of r?
1
Let p(z) = -25*z. What is the units digit of p(-5)?
5
Let q = -213 - -321. Let a = q - 64. What is the tens digit of a?
4
Suppose 4*m + 2*g + g + 66 = 0, -3*m + 5*g = 35. Let d = m - -38. What is the tens digit of d?
2
Let t(o) = 4*o. Let p be t(-2). Let b = 3 - p. What is the units digit of b?
1
Let t be 10/(-5)*-2*5. Let i be 155/t + (-1)/(-4). Suppose 0*c - c + i = 0. What is the units digit of c?
8
Let u = -11 + 11. Let g(a) = a + 8. What is the units digit of g(u)?
8
Let h = -29 + 48. What is the tens digit of h?
1
Let f = 380 - 261. What is the units digit of f?
9
Suppose 0 = 6*o - 19 + 1. Suppose o*r = -3, 3*u + 4*r = 51 + 2. What is the tens digit of u?
1
Let j be 2/(-2) + -1 + 4. Suppose 2*c - 24 = -j*c. Let v = -3 + c. What is the units digit of v?
3
Suppose -s - 2*z + 119 = 0, -3*s - 3*z = -7*z - 357. What is the tens digit of s?
1
Suppose -3*o + 72 = 3*j, 10 = 5*o + 2*j - 113. What is the units digit of (-2)/10 + 1080/o?
3
Suppose 0 = 5*k - k. Let l = 10 - k. Suppose -o + 0 = -a - 3, -2*o = -4*a - l. What is the units digit of o?
1
Suppose -2*w = -4*w + 766. What is the tens digit of w?
8
Let c(f) = -f**2 - 4*f + 5. Let w be c(-5). Let r be (2 + w - -43) + -3. Suppose 2*h = 5*h - r. What is the tens digit of h?
1
Suppose -3*p + 225 = 3*i, i + p - 75 = -2*p. What is the units digit of i?
5
Suppose -5*p + 572 = -p - 4*u, p - 2*u - 146 = 0. What is the tens digit of p?
4
Let v = -17 + 26. What is the units digit of v?
9
Let h(q) = -q**3 + 6*q**2 - 1. Let d be h(5). Suppose -v - d = -4*v. What is the units digit of v?
8
Let t(v) = -v**2 + 7*v - 4. Let y = 6 + 0. Let g be t(y). W